e 7756?
True
Is 17125 a multiple of 94?
False
Is 18 a factor of 2556?
True
Does 5 divide 408?
False
Is 102 a factor of 29274?
True
Is 785 a multiple of 11?
False
Does 6 divide 4918?
False
Does 39 divide 43554?
False
Does 23 divide 896?
False
Is 25 a factor of 1025?
True
Is 2384 a multiple of 26?
False
Is 5 a factor of 11385?
True
Is 128 a factor of 11076?
False
Is 4592 a multiple of 82?
True
Is 137 a factor of 2637?
False
Is 2158 a multiple of 26?
True
Is 9 a factor of 1116?
True
Is 552 a multiple of 111?
False
Is 29 a factor of 395?
False
Is 34 a factor of 502?
False
Is 20 a factor of 8980?
True
Does 34 divide 68?
True
Is 24 a factor of 2674?
False
Is 400 a multiple of 16?
True
Does 11 divide 25839?
True
Is 17480 a multiple of 152?
True
Is 14 a factor of 3088?
False
Is 880 a multiple of 80?
True
Is 2960 a multiple of 20?
True
Is 595 a multiple of 17?
True
Is 1767 a multiple of 11?
False
Is 4890 a multiple of 3?
True
Does 85 divide 20366?
False
Does 94 divide 286?
False
Does 37 divide 1221?
True
Is 724 a multiple of 52?
False
Is 184 a factor of 6235?
False
Is 10116 a multiple of 15?
False
Is 13114 a multiple of 178?
False
Is 7 a factor of 252?
True
Does 73 divide 22671?
False
Is 15347 a multiple of 103?
True
Does 25 divide 452?
False
Is 16980 a multiple of 15?
True
Is 11 a factor of 1949?
False
Is 127 a factor of 16383?
True
Does 13 divide 91?
True
Is 81 a factor of 33291?
True
Is 31 a factor of 1488?
True
Does 47 divide 141?
True
Is 10 a factor of 9620?
True
Is 8 a factor of 10840?
True
Is 161 a multiple of 4?
False
Does 99 divide 1089?
True
Does 20 divide 48200?
True
Is 9 a factor of 504?
True
Is 37 a factor of 23129?
False
Is 504 a multiple of 63?
True
Is 9 a factor of 931?
False
Is 117 a multiple of 39?
True
Is 2380 a multiple of 28?
True
Does 18 divide 16467?
False
Is 21 a factor of 120?
False
Is 8 a factor of 37280?
True
Is 10 a factor of 380?
True
Is 1012 a multiple of 46?
True
Does 314 divide 33598?
True
Is 5180 a multiple of 37?
True
Is 223 a factor of 45269?
True
Is 3 a factor of 419?
False
Does 21 divide 2217?
False
Is 27 a factor of 16146?
True
Does 16 divide 256?
True
Is 3468 a multiple of 13?
False
Is 10 a factor of 9947?
False
Is 14339 a multiple of 10?
False
Is 1904 a multiple of 14?
True
Is 2324 a multiple of 7?
True
Does 12 divide 6672?
True
Is 5 a factor of 8722?
False
Is 10 a factor of 380?
True
Is 34 a factor of 5813?
False
Is 10662 a multiple of 3?
True
Is 53134 a multiple of 183?
False
Is 232 even?
True
Is 1194 a multiple of 9?
False
Is 15 a factor of 3077?
False
Is 8204 a multiple of 12?
False
Does 17 divide 308?
False
Is 1480 a multiple of 10?
True
Does 13 divide 299?
True
Does 10 divide 55?
False
Does 3 divide 13800?
True
Is 12332 a multiple of 23?
False
Is 2 a factor of 10912?
True
Does 6 divide 1782?
True
Is 1686 a multiple of 27?
False
Is 700 a multiple of 70?
True
Does 11 divide 1505?
False
Does 13 divide 6773?
True
Is 286 a multiple of 82?
False
Is 1230 a multiple of 26?
False
Is 8 a factor of 1266?
False
Is 7837 a multiple of 2?
False
Is 13 a factor of 1301?
False
Does 2 divide 17749?
False
Is 10488 a multiple of 24?
True
Is 312 a multiple of 52?
True
Is 4576 a multiple of 104?
True
Does 44 divide 392?
False
Is 21 a factor of 2142?
True
Is 2 a factor of 5085?
False
Does 87 divide 2060?
False
Is 22 a factor of 8272?
True
Is 39 a multiple of 10?
False
Is 18 a factor of 5760?
True
Is 63 a factor of 2051?
False
Is 16408 a multiple of 10?
False
Is 4266 a multiple of 27?
True
Is 6 a factor of 114?
True
Does 9 divide 4168?
False
Is 182 a factor of 6006?
True
Is 28 a factor of 5572?
True
Is 14 a factor of 631?
False
Does 145 divide 3480?
True
Is 1013 a multiple of 51?
False
Is 52371 a multiple of 78?
False
Does 16 divide 7840?
True
Does 96 divide 8160?
True
Is 9072 a multiple of 9?
True
Is 54691 a multiple of 41?
False
Is 1620 a multiple of 41?
False
Does 27 divide 5023?
False
Does 10 divide 1690?
True
Is 37 a factor of 888?
True
Does 206 divide 14331?
False
Is 77 a factor of 1177?
False
Is 637 a multiple of 11?
False
Is 43 a factor of 10664?
True
Is 13 a factor of 11750?
False
Is 910 a multiple of 70?
True
Is 29 a factor of 75077?
False
Is 159108 a multiple of 12?
True
Is 14 a factor of 448?
True
Does 88 divide 12669?
False
Is 30 a factor of 3480?
True
Is 45 a factor of 1035?
True
Is 3121 a multiple of 4?
False
Is 86 a factor of 3354?
True
Is 48 a multiple of 2?
True
Is 21 a factor of 893?
False
Is 54 a factor of 3024?
True
Is 284 a multiple of 142?
True
Is 197 a multiple of 45?
False
Does 99 divide 13563?
True
Is 12933 a multiple of 71?
False
Is 25 a factor of 25673?
False
Is 210 a multiple of 10?
True
Does 54 divide 9690?
False
Does 8 divide 4144?
True
Is 15 a factor of 3795?
True
Does 37 divide 155?
False
Does 79 divide 3871?
True
Does 14 divide 4410?
True
Is 6 a factor of 15775?
False
Is 13707 a multiple of 5?
False
Is 21181 a multiple of 9?
False
Is 2974 a multiple of 259?
False
Does 91 divide 1729?
True
Is 14 a factor of 1771?
False
Is 2351 a multiple of 18?
False
Is 10374 a multiple of 13?
True
Is 252 a multiple of 14?
True
Is 20 a factor of 900?
True
Is 17 a factor of 19461?
False
Is 61 a factor of 4392?
True
Is 73 a factor of 1898?
True
Is 377 a multiple of 13?
True
Is 2691 a multiple of 23?
True
Is 5 a factor of 1210?
True
Is 300 a multiple of 25?
True
Does 51 divide 15402?
True
Is 2186 a multiple of 33?
False
Is 26942 a multiple of 38?
True
Is 19 a factor of 1342?
False
Is 72 a multiple of 2?
True
Is 1808 a multiple of 11?
False
Is 42 a factor of 5482?
False
Is 45555 a multiple of 82?
False
Is 4536 a multiple of 81?
True
Is 31 a factor of 1550?
True
Is 37 a factor of 26836?
False
Does 2 divide 102?
True
Is 96750 a multiple of 450?
True
Is 12 a factor of 4572?
True
Does 8 divide 6904?
True
Is 647 a multiple of 10?
False
Is 130 a multiple of 11?
False
Is 7896 a multiple of 14?
True
Is 40112 a multiple of 11?
False
Does 14 divide 38?
False
Does 25 divide 18600?
True
Is 7688 a multiple of 31?
True
Is 9 a factor of 55?
False
Is 47226 a multiple of 86?
False
Does 50 divide 26787?
False
Is 8 a factor of 192?
True
Is 8 a factor of 920?
True
Is 437 a multiple of 19?
True
Is 29008 a multiple of 8?
True
Is 11935 a multiple of 67?
False
Is 13 a factor of 552?
False
Does 22 divide 902?
True
Is 99 a factor of 5273?
False
Does 27 divide 10433?
False
Is 2870 a multiple of 14?
True
Is 130 a factor of 22374?
False
Is 5885 a multiple of 3?
False
Is 21520 a multiple of 156?
False
Does 31 divide 1798?
True
Does 51 divide 1479?
True
Does 77 divide 2275?
False
Is 5603 a multiple of 13?
True
Does 13 divide 62036?
True
Is 93480 a multiple of 323?
False
Is 1550 a multiple of 7?
False
Is 263 a factor of 14991?
True
Is 26 a factor of 3759?
False
Is 9255 a multiple of 32?
False
Does 21 divide 3717?
True
Is 4643 even?
False
Is 35790 a multiple of 143?
False
Is 48 a factor of 16800?
True
Is 6 a factor of 10049?
False
Is 29 a factor of 18740?
False
Is 138 a factor of 3726?
True
Does 377 divide 82268?
False
Does 22 divide 421?
False
Is 4585 a multiple of 35?
True
Does 2 divide 1373?
False
Is 2135 a multiple of 326?
False
Does 12 divide 1032?
True
Does 20 divide 4478?
False
Does 89 divide 19936?
True
Is 11 a factor of 2185?
False
Is 1302 a multiple of 7?
True
Is 18684 a multiple of 197?
False
Is 49848 a multiple of 67?
True
Is 818 a multiple of 16?
False
Is 343 a multiple of 49?
True
Is 23 a factor of 911?
False
Does 56 divide 43217?
False
Is 12 a factor of 1257?
False
Does 24 divide 31389?
False
Does 20 divide 2458?
False
Is 21 a factor of 180?
False
Is 28 a factor of 288?
False
Does 41 divide 366?
False
Does 6 divide 94?
False
Is 42 a factor of 1008?
True
Is 188 a factor of 89642?
False
Is 127 a factor of 1801?
False
Is 12 a factor of 6576?
True
Does 21 divide 612?
False
Is 1485 a multiple of 15?
True
Does 2 divide 133?
False
Is 28 a factor of 10227?
False
Is 27 a factor of 459?
True
Does 163 divide 71068?
True
Is 1408 a multiple of 40?
False
Is 16152 a multiple of 24?
True
Does 21 divide 102657?
False
Does 46 divide 6807?
False
Does 11 divide 40029?
True
Does 56 divide 18592?
True
Is 14 a factor of 1610?
True
Does 7 divide 3794?
True
Is 3 a factor of 17?
False
Is 39959 a multiple of 194?
False
Is 501 a multiple of 34?
False
Is 2093 a